953 = -3*b - c. Is b a composite number?
False
Let s = 2553215 - -362448. Is s a prime number?
True
Suppose 3*u = 9*c - 3988986, -718104 = -5*c + 3*u + 1497998. Is c a prime number?
True
Suppose -4*q - 4*q = 16. Let r(y) = -y + 14. Let s be r(6). Is 0 + (-3831)/(-12) + q/s composite?
True
Suppose -9502 = -c + 2*k, -4*c + k + 26998 = -11017. Suppose 2*j - c = -j. Suppose -4*t = -0*t - n - 2535, -5*t = -n - j. Is t a composite number?
True
Let z(v) = 2*v**2 + 6*v + 4. Let x be z(-6). Let q = x + -36. Let c = 405 + q. Is c composite?
False
Let q(r) = -r**3 + 3*r**2 + 5*r + 3. Let t be q(4). Suppose t*g - 375 = -n + 4*g, -1907 = -5*n + g. Is n prime?
False
Let j(c) = 2*c**2 + 4*c + 12. Let v = -20 + 15. Let z be j(v). Let w = z - -1703. Is w a prime number?
False
Let k be (-316)/(-12) + 4/(-3). Suppose 43 = 6*l + k. Is (0 - 1556/l)/((-14)/21) composite?
True
Let t = 224 + -121. Let s = t - -188. Is s prime?
False
Suppose 13877303 + 29513288 = 135*n + 1531006. Is n composite?
True
Suppose 5*n + 45*w - 124999 = 34*w, n = -4*w + 24989. Is n a prime number?
True
Suppose 3*u - 70792 = -4*d, 0 = -3*d + 4*u + 52388 + 706. Suppose 21089 = 7*b - d. Suppose g = -2*g + b. Is g composite?
False
Let j be 32/(1 + 12/(-8)). Let z(d) = -d**2 + 2*d - 22. Let n be z(9). Let s = j - n. Is s a prime number?
False
Let w be 3/6*(-1 - -49). Let l(n) = n**2 + 16*n - 53. Let q be l(6). Suppose -q = -t + w. Is t a composite number?
False
Let w(a) = -15*a**3 - 17*a**2 - 45*a - 11. Is w(-26) a composite number?
False
Let j(w) be the first derivative of 644*w**3 + w**2/2 + 3*w - 218. Is j(-2) a prime number?
False
Let y(q) = 224*q + 6431. Is y(-28) a prime number?
False
Suppose 290777 = 2*x + f, -34*x - 3*f = -33*x - 145376. Is x composite?
False
Suppose 20 = -w - 4*c - 32, -c = 5*w + 298. Is 830/(-4)*w - (4 - 5) prime?
True
Let l(a) = a**3 + 11*a**2 - 3*a - 11. Let k = -72 - -66. Let i be l(k). Suppose -3 = -3*t, -3*b - 5*t - 5 = -i. Is b prime?
True
Suppose 4*l + 270606 = 5*s, 126*s - 127*s - 4*l + 54102 = 0. Is s composite?
True
Suppose -2*p + 1183270 = 5*z + 202880, 980430 = 2*p - 5*z. Is p a prime number?
False
Let c(b) = 119*b**2 + 10. Let q be c(-5). Suppose -6*f = -3267 - q. Let t = -341 + f. Is t prime?
True
Suppose 14420965 - 39153371 = -30*j - 16*j. Is j prime?
True
Suppose 14*t = 10*t + 28. Suppose -t*b + 24*b = 9758. Suppose 4*m = 6*n - 5*n - 111, 5*n - m = b. Is n a prime number?
False
Let k(n) = -n**2 + 14*n - 35. Let j be k(10). Let x be j/((3/(-12))/((-764)/16)). Suppose 0 = -u + 2, -3*u + 5*u = -3*q + x. Is q a prime number?
True
Let s(r) = -24*r + 8 + 56*r - 14*r - 31*r + 8. Suppose -2*o - 4*j + 19 = -5*o, j = 3*o + 25. Is s(o) composite?
True
Let x = -6 + 9. Let k be ((-4)/x - 2)*3/(-2). Suppose 4*y - 90 - 1421 = k*d, -4*y + 4*d = -1512. Is y a composite number?
False
Let h(t) = 2*t - 4. Let q be h(5). Suppose q*b - b - 4230 = 0. Let j = 1325 - b. Is j composite?
False
Suppose g = -7*g + 2040. Let k = -44 + g. Is k a composite number?
False
Let t be ((-315486)/85)/6 + (-2 - (-32)/20). Suppose 0 = -0*p + 3*p - 6, -2*x + 2364 = p. Let v = t + x. Is v prime?
False
Let f = -9588 - -17353. Suppose -284*w - f = -289*w. Is w prime?
True
Suppose s - 6821 = 3*x, -458*x + 27206 = 4*s - 457*x. Is s a composite number?
False
Suppose -9*z = 2*p - 11*z - 85586, -4*p = -3*z - 171176. Is p prime?
True
Is (-2 + (-4)/8)*220488/(-30) composite?
True
Let g be ((-1045)/(-10))/1 - 3/(-2). Suppose -56 = -m + g. Let r = 227 - m. Is r a prime number?
False
Let u = -13029 - -21092. Is u a composite number?
True
Suppose -3*h = -163*c + 162*c - 51055, 51031 = 3*h - 4*c. Is h composite?
False
Let h(v) = -10*v - 195. Let a be h(-20). Is 2 + (1 - a) + 2583 a prime number?
False
Let i(u) = u**2 - u + 694. Let d(a) = a**3 + 3*a**2 + 3*a + 1. Let z be d(-2). Let l be 2 + (z - -3)*(6 - 7). Is i(l) composite?
True
Let l be ((-15)/(-45))/(2/84). Suppose o = 6*o - 2*o. Suppose l*p - 3146 + 276 = o. Is p a prime number?
False
Let y(u) = -569*u + 2. Let b be -1 + (-156)/(-180) + (-86)/30. Is y(b) a prime number?
True
Suppose -5*f + 2*q = q - 416563, 4*f - q = 333252. Is f prime?
True
Let g(i) = -2472*i + 91. Is g(-6) a composite number?
False
Let c(v) = 7215*v**3 - 9*v**2 + 17*v + 3. Is c(2) a composite number?
True
Let s(r) = 10*r - 20*r + 10*r**2 + 76 - 3. Is s(6) a prime number?
True
Let x = -60 - -65. Suppose 2*t = -2*i - 2*i + 10, -x*i + 5 = 5*t. Suppose 7065 = 3*j - i*g, j = 6*j - g - 11792. Is j a composite number?
True
Let a = 44 + -41. Suppose -l - 3*t - 9 = 0, a*t + 9 + 0 = -4*l. Suppose -37*c + 35*c + 148 = l. Is c composite?
True
Suppose 2*v - 6 = -26. Let r(q) = -q**3 - 2*q**2 + 9*q - 1. Let n be r(v). Suppose -2*i + 7*i = -4*m + 2836, m + 4*i - n = 0. Is m prime?
True
Let w = -432836 + 1138825. Is w composite?
False
Let r = 177 - 182. Is (-15)/r*10888/24 prime?
True
Let i be (-2)/(-8) - ((-13742)/8 + -4). Suppose 3*c = i + 12105. Is c composite?
True
Let r = -55 + 569. Let y(q) = -5*q**2 + 5*q - 1. Let c be y(8). Let z = c + r. Is z composite?
False
Is 61/(-244) + -1 + 1780706/8 composite?
False
Let z be (2 - -4)*(-30)/(-36). Suppose -5478 = z*x - 28033. Is x a composite number?
True
Let q be ((-5)/(-10)*-4)/(-1) + 3287. Suppose 52 - q = -h + 5*n, 9737 = 3*h - 2*n. Is h prime?
False
Suppose 0 = 5*j - 4*d - 1621, 3*j - j - 4*d = 658. Let t = -108 + j. Is t a prime number?
False
Suppose -g = -3*i + 11 - 1, -3*g = -4*i + 10. Suppose -i*k + 862 + 3498 = -4*b, -5*k + 5438 = -b. Is k a prime number?
True
Suppose -14*w - 1058552 = -60*w. Let q = 519 + w. Is q a composite number?
False
Is (1318041/72)/(6/48) composite?
False
Let b be (-1)/(-5) - (6 + (-339648)/(-15)). Let i = b + 33402. Is i prime?
True
Let b = -64 + 64. Suppose -4*y + y + 9657 = b. Suppose 14*v - y = 11*v. Is v a composite number?
True
Suppose -333*d + 4 = -331*d. Suppose -5148 = -2*w + d*g, 3*g - 15 = -0*g. Is w a prime number?
True
Let t = -14089 - -202544. Is t a prime number?
False
Suppose y - 25 = -4*x, -8 = -3*y + 4*x + 3. Let c(o) = 3*o**3 + 6*o**2 + 6*o - 16. Let z be c(y). Let j = 368 + z. Is j prime?
True
Let q(y) = 70*y**2 + 12*y - 179. Let l(o) = -o**2 + 27*o + 36. Let u be l(28). Is q(u) prime?
True
Let h(z) = 2*z**2 - 14*z - 2. Let a = 44 + -42. Suppose -3*g - 2*v = v + 30, -4*g - 30 = a*v. Is h(g) composite?
True
Suppose 130*y - 55509306 = -44*y. Is y prime?
False
Let f(l) = 12*l + 146. Let d be f(-11). Suppose 79876 = d*u - 137026. Is u a composite number?
False
Let n = -561 + 1195. Let w be 3 + (3 - (-2 - -4)). Is (0 - w)/(-8)*n composite?
False
Suppose -92*i = -13820394 + 3417310. Is i a prime number?
False
Let o be 675/10*(-16)/(-20). Suppose 53*m = o*m + 7174. Is (m/(-119))/((-2)/(-14)) composite?
True
Suppose 0*q + 169 = -3*f - q, -q + 230 = -4*f. Let u = 59 + f. Is (684 - (-1 + u/(-1))) + 4 prime?
True
Let s(p) = 2*p - 4. Suppose -5*n - x + 37 = 0, -3*x + 2*x + 23 = 3*n. Let i be s(n). Is (945/i)/(-9)*(-148)/6 a prime number?
False
Let t = 2 - 5. Let f(h) = 843*h**2 + 2*h + 5. Is f(t) composite?
True
Suppose -10*k = -20*k. Is -5737*(k + (-6)/(-12))*-2 prime?
True
Suppose -3585*t + 3425*t = -46612960. Is t composite?
False
Suppose 205417 + 261389 = 2*y - 315712. Is y a composite number?
True
Let a = 35 - 31. Suppose -10*n = -a*n - 36. Is (-1788)/(-18)*3/n*6 a prime number?
False
Suppose 26*p - 2559881 = 71*p - 12505826. Is p composite?
False
Suppose 0 = -121*t + 2582077 + 3018892. Is t composite?
True
Let o(r) = -23*r**3 + 4*r**2 - 3*r + 17. Let f be o(-6). Suppose 3*y = 21686 - f. Is y composite?
True
Suppose 3696945 = 46*f + 59*f. Is f a prime number?
False
Is 205388*1 + ((-3)/8*-8 - 0) a prime number?
True
Let k(s) = 7*s - 16. Let a be k(3). Suppose 5*u - 4255 = -0*u - a*j, 5*j = -5. Suppose -2*t + 438 = -4*h, 0*h - u = -4*t + 2*h. Is t composite?
False
Let x = -95 + 98. Suppose -4*r + 6954 = 3*q, -q - x*r - r + 2326 = 0. Is (12 - q)*(-2)/4 a composite number?
False
Suppose 7*n = -137575 - 1552001. Is (2/8)/((-6)/n) prime?
False
Let w(n) = n**3 + 42*n**2 - 2*n - 82. Let t be w(-42). Is 28687*(t - 2*(-1)/(-2)) a prime number?
True
Suppose -16 = -7*t + 19. Suppose 0 = t*d - 19 + 279. Let o = d + 175. Is o a prime number?
False
Let g(u) be the third derivative of 0*u + 1/15*u**5 - 27*u**2 + 0 + 1